{"id":80,"date":"2023-11-15T10:49:30","date_gmt":"2023-11-15T09:49:30","guid":{"rendered":"https:\/\/bencriada.cat\/?page_id=80"},"modified":"2023-11-15T10:51:15","modified_gmt":"2023-11-15T09:51:15","slug":"avis-legal","status":"publish","type":"page","link":"https:\/\/bencriada.cat\/index.php\/avis-legal\/","title":{"rendered":"Av\u00eds Legal"},"content":{"rendered":"\n[et_pb_section fb_built=&#8221;1&#8243; theme_builder_area=&#8221;post_content&#8221; _builder_version=&#8221;4.23&#8243; _module_preset=&#8221;default&#8221;][et_pb_row _builder_version=&#8221;4.23&#8243; _module_preset=&#8221;default&#8221; theme_builder_area=&#8221;post_content&#8221;][et_pb_column _builder_version=&#8221;4.23&#8243; _module_preset=&#8221;default&#8221; type=&#8221;4_4&#8243; theme_builder_area=&#8221;post_content&#8221;][et_pb_text _builder_version=&#8221;4.23&#8243; _module_preset=&#8221;default&#8221; theme_builder_area=&#8221;post_content&#8221; hover_enabled=&#8221;0&#8243; sticky_enabled=&#8221;0&#8243;]<p>Av\u00eds Legal<\/p>\n<p>El lloc web i el domini bencriada.cat corresponen a Gosbi Pet Food SA (d\u2019ara endavant GOSBI), amb CIF A17066598 i domicili a Crta. N-IIa, Km. 1,5, Pol. Ind. Sta. Llogaia, de Santa Llogaia d&#8217;\u00c0lguema (CP 17771), adre\u00e7a electr\u00f2nica <a href=\"mailto:info@gosbi.com\">info@gosbi.com<\/a>, inscrita al Registre Mercantil de Girona. Volum 373, Foli 130, Fulla Gi-698.<\/p>\n<p><b>PROPIETAT INTEL\u00b7LECTUAL I INDUSTRIAL<\/b><\/p>\n<p>Els drets sobre els continguts d\u2019aquest lloc, incloent-hi els textos, imatges, dissenys gr\u00e0fics, marques i altres signes distintius (en endavant els continguts), pertanyen a GOSBI o a tercers que n\u2019han autoritzat el seu \u00fas. GOSBI presenta aquests continguts per a informar dels seus serveis i activitats. GOSBI autoritza la utilitzaci\u00f3 dels continguts per a usos no comercials sempre i quan s\u2019indiqui de forma clara la font. Si els continguts s\u2019utilitzen en entorns web caldr\u00e0 incloure un enlla\u00e7 a la p\u00e0gina d&#8217;inici del lloc web. GOSBI es reserva el dret a iniciar les accions legals oportunes en defensa dels seus drets de propietat intel\u00b7lectual o industrial.<\/p>\n<p>No s\u2019autoritzen presentacions dels continguts d\u2019aquest lloc en una finestra aliena.<\/p>\n<p><b>RESPONSABILITAT SOBRE ELS CONTINGUTS<\/b><\/p>\n<p>Tot i que GOSBI actua amb el m\u00e0xim de dilig\u00e8ncia possible, es pot donar el cas que alguna dada o informaci\u00f3 no estigui del tot actualitzada en el moment que l\u2019usuari del lloc web el consulti. Per aix\u00f2 GOSBI manifesta que les refer\u00e8ncies de les productes i serveis que es presenten en el seu lloc web tenen una funci\u00f3 orientativa i no obliguen a GOSBI fins a la contractaci\u00f3 expressa d\u2019una comanda.<\/p>\n<p>GOSBI es reserva el dret a modificar unilateralment, en qualsevol moment i sense av\u00eds previ, la presentaci\u00f3, configuraci\u00f3 i continguts del web.<\/p>\n<p>GOSBI no ser\u00e0 responsable de la informaci\u00f3 que es pugui obtenir a trav\u00e9s d\u2019enlla\u00e7os inclosos en el lloc.<\/p>\n<p><b>CONDICIONS D\u2019\u00daS<\/b><\/p>\n<p>L\u2019\u00fas d\u2019aquest web implica l\u2019acceptaci\u00f3 plena dels termes i condicions del present av\u00eds legal. Els possibles conflictes relatius a aquest web es regiran exclusivament pel dret de l\u2019Estat espanyol. Tota persona usu\u00e0ria del web, independentment de la jurisdicci\u00f3 territorial des de la qual es produeixi el seu acc\u00e9s, accepta el compliment i respecte d\u2019aquestes cl\u00e0usules amb ren\u00fancia expressa a qualsevol altre fur que li pogu\u00e9s correspondre.<\/p>[\/et_pb_text][\/et_pb_column][\/et_pb_row][\/et_pb_section]\n","protected":false},"excerpt":{"rendered":"<p>Av\u00eds Legal El lloc web i el domini bencriada.cat corresponen a Gosbi Pet Food SA (d\u2019ara endavant GOSBI), amb CIF A17066598 i domicili a Crta. N-IIa, Km. 1,5, Pol. Ind. Sta. Llogaia, de Santa Llogaia d&#8217;\u00c0lguema (CP 17771), adre\u00e7a electr\u00f2nica info@gosbi.com, inscrita al Registre Mercantil de Girona. Volum 373, Foli 130, Fulla Gi-698. PROPIETAT INTEL\u00b7LECTUAL [&hellip;]<\/p>\n","protected":false},"author":2,"featured_media":0,"parent":0,"menu_order":0,"comment_status":"closed","ping_status":"closed","template":"page-template-blank.php","meta":{"_et_pb_use_builder":"on","_et_pb_old_content":"","_et_gb_content_width":"","footnotes":""},"class_list":["post-80","page","type-page","status-publish","hentry"],"aioseo_notices":[],"_links":{"self":[{"href":"https:\/\/bencriada.cat\/index.php\/wp-json\/wp\/v2\/pages\/80","targetHints":{"allow":["GET"]}}],"collection":[{"href":"https:\/\/bencriada.cat\/index.php\/wp-json\/wp\/v2\/pages"}],"about":[{"href":"https:\/\/bencriada.cat\/index.php\/wp-json\/wp\/v2\/types\/page"}],"author":[{"embeddable":true,"href":"https:\/\/bencriada.cat\/index.php\/wp-json\/wp\/v2\/users\/2"}],"replies":[{"embeddable":true,"href":"https:\/\/bencriada.cat\/index.php\/wp-json\/wp\/v2\/comments?post=80"}],"version-history":[{"count":3,"href":"https:\/\/bencriada.cat\/index.php\/wp-json\/wp\/v2\/pages\/80\/revisions"}],"predecessor-version":[{"id":84,"href":"https:\/\/bencriada.cat\/index.php\/wp-json\/wp\/v2\/pages\/80\/revisions\/84"}],"wp:attachment":[{"href":"https:\/\/bencriada.cat\/index.php\/wp-json\/wp\/v2\/media?parent=80"}],"curies":[{"name":"wp","href":"https:\/\/api.w.org\/{rel}","templated":true}]}}